*2 - 31*m - 24. Let x be a(14). Let o = 519 + x. List the prime factors of o.
257
Suppose 58*b + 77 = 65*b. Let i be (1 - (-17)/(-3))*-6. Let q = i - b. What are the prime factors of q?
17
Let q(b) = b**3 + 15*b**2 + 22. List the prime factors of q(-12).
2, 227
Let i(u) = u**2 - u - 8. Suppose 21 = -5*t + 4*t. Let p be 6/21 - 120/t. What are the prime factors of i(p)?
2, 11
Suppose -z = 2*t + 3*t - 2, 2*t = 0. Suppose -74 = z*m - 276. List the prime factors of m.
101
Suppose -5*j + 264 = -j. Let g = j - 17. Suppose -g + 2 = -p. List the prime factors of p.
47
Suppose 0 = 3*f - 5*z - 3301, f - 2*f + 4*z + 1112 = 0. List the prime factors of f.
2, 3, 7, 13
Let j be (4/(-6))/(8/(-12)). Let w be j*4*(-12)/(-24). Suppose 0 = 2*x + x + 2*k - 60, w*x - 4*k = 40. List the prime factors of x.
2, 5
Let q(l) = l**2 - l - 34. Let z be q(0). Let c = -46 - z. Let b = c - -22. List the prime factors of b.
2, 5
Suppose 1821 = -1795*x + 1798*x. What are the prime factors of x?
607
Let y = -146 + 191. List the prime factors of 6278/18 + 10/y.
349
Let k be (33/(-9))/((-4)/(-72)). Let o be k/(-14) - (-4)/14. Suppose -4*j = o*q - 87, -3 = 3*q - 3*j - 66. What are the prime factors of q?
19
Let o(v) = 9*v + 10. Let g = 71 - 69. What are the prime factors of o(g)?
2, 7
Suppose 0 = -2*c - 81 - 81. Suppose j + 3*s + 64 = 0, 3*j + j = -s - 234. Let p = j - c. What are the prime factors of p?
23
Let z(d) = d**2 - 3*d - 6. Let j be z(-2). Suppose j*p = -3*t - 24 + 65, -t = 4*p - 35. What are the prime factors of p?
2
Suppose 7*c - 3*c - 18 = -5*m, 5*c + 3 = -2*m. Suppose m*n - n = 300. Suppose 2*y - 100 = 4*a, 3*y - n = y - 4*a. What are the prime factors of y?
2, 5
What are the prime factors of (-44)/(-242) + 8798/11?
2, 5
Let y = -4479 - -6862. What are the prime factors of y?
2383
Let w(s) = 9*s**2 - 2*s + 0*s**2 - s + 3*s**2 - 4. Let p be w(-3). Let k = -55 + p. List the prime factors of k.
2, 29
Let t(f) = f**2 - 2. Suppose 2*p = 4*p - 22. Let z = p - 8. What are the prime factors of t(z)?
7
Let v(z) = 23*z**2 - z. Suppose -4*l - 16 = -4*t, 4*l + 4 = -t - 2. Suppose 7 = -4*c + r - t, 0 = 2*c - 2*r + 12. What are the prime factors of v(c)?
2, 3
Suppose 39 = -7*u + 214. List the prime factors of (u/10 - 1)*4.
2, 3
What are the prime factors of (20 + 3936/9)*(-9)/(-2)?
2, 3, 7
Let z be -2 + 0 + 1 + 2. Let a(d) = 4 - z + 0*d - d**2 + 5*d. List the prime factors of a(4).
7
Let k = 75 - 50. Suppose 0 = 5*c + k, -i + 120 = i + 4*c. List the prime factors of i.
2, 5, 7
Let k be (-18)/(-81) - (-148)/(-18). Let f = -7 - k. Suppose 3*m + o = 1 + f, -m - 14 = 4*o. List the prime factors of m.
2
Let h = 70 + -40. Let j be 6/h + (-298)/(-10). Suppose 7 - j = -a + 4*y, -2*a - 4*y + 10 = 0. List the prime factors of a.
11
Let a(w) = 6*w**2 + w - 2. Suppose 0*v + 4*v - 8 = 0. Let b be 35/(-20) + v/(-8). List the prime factors of a(b).
2, 5
List the prime factors of -2 + -3 + 3 - (-1 - 390).
389
Let q(m) = m + 6. Suppose 5*c - j - 22 = 3*j, 0 = 5*j - 10. List the prime factors of q(c).
2, 3
Let n(d) = d**3 - 25*d**2 + 27*d - 16. Let j be n(24). Suppose 2*o = -4*f + 44, 5*f + 32 = 3*o - j. What are the prime factors of o?
2, 13
Let u(h) be the second derivative of -h**4/12 + 13*h**3/6 + 6*h**2 + 2*h. What are the prime factors of u(7)?
2, 3
Suppose 704 = 9*i - 10699. What are the prime factors of i?
7, 181
Let z = -83 + 43. Let k(a) = 59*a**3 + 2*a**2 - 2*a + 1. Let i be k(1). Let h = z + i. What are the prime factors of h?
2, 5
Let h(b) = 24*b**2 - 8*b - 50. What are the prime factors of h(7)?
2, 5, 107
Let f = -37 - -52. Let o = f + -7. List the prime factors of (o/10)/(3/45).
2, 3
Let r = -844 - -1188. List the prime factors of r.
2, 43
Let p be (0 + 0 - -10)/1. Let c(o) = -8*o. Let k be c(-1). What are the prime factors of k/p*135/6?
2, 3
Suppose 0 = -17*v + 12*v - 200. Let g = v - -58. Suppose 5*d = 2*q - g, 4*d = -4*q + 17 + 19. What are the prime factors of q?
3
Let b = -154 - -571. Let a = -93 + b. What are the prime factors of a?
2, 3
Suppose -2*h = -h - 3. Suppose 3*j + 4*y - 55 = 0, 2*y + 48 = h*j - y. List the prime factors of j.
17
Let m = 53 - 47. What are the prime factors of (m/12)/(2/388)?
97
Suppose s = -2*s. What are the prime factors of -1 - (-1 + s)*12?
11
Let w be -3 + 1 - 28 - 4. Let d = 52 + w. List the prime factors of d.
2, 3
Suppose -75*m + m = -246642. List the prime factors of m.
3, 11, 101
What are the prime factors of ((-4)/(-6) - 16/(-12)) + 461?
463
Let g be -1 + 30/24 - (-1)/(-4). Suppose 12 = 4*n, -s - 4*n = -g*s - 226. What are the prime factors of s?
2, 107
Suppose 3136 = -7*g + 14*g. List the prime factors of g.
2, 7
Let c = 9 - 3. Suppose 0 = -c*r - 10 + 88. What are the prime factors of r?
13
Let s(x) be the second derivative of -43*x**5/10 - x**3/6 - x**2/2 - 5*x. List the prime factors of s(-1).
2, 43
Let f(q) = -48*q + 46. Let r be f(1). Let p(g) be the second derivative of -g**5/4 + g**4/12 - g**3/2 - g**2/2 - g. List the prime factors of p(r).
7
Suppose -7*a + 8*a = 295. What are the prime factors of a?
5, 59
Suppose -5*j = -8*j. Suppose j = -3*c - c + 16. Suppose -5*k = 2*b, -2*k - c = -0*k. List the prime factors of b.
5
Let u(v) = -119*v + 834. Let j be u(6). Suppose -2*n - 96 - 76 = 0. Let l = n + j. List the prime factors of l.
2, 17
Suppose q - 1009 = 5*o, 5*q = 9*q - 3*o - 3968. List the prime factors of q.
23, 43
Let u = -424 + 250. Suppose -3*d - 26 = 1. What are the prime factors of u/d*(-3)/(-2)?
29
List the prime factors of -8 - 90234/(-63) - 4/14.
2, 89
Let o(p) = 11*p + 9. Suppose 4*w + 3*c = 11 + 11, 0 = 4*w - 4*c - 8. What are the prime factors of o(w)?
53
Suppose 0 = 8*s - 4005 - 443. List the prime factors of s.
2, 139
What are the prime factors of 10/(44/14 - (0 - -3))?
2, 5, 7
Let l be 1*4 - 1/1. Let c be (-2)/(-2)*(5 - (19 - 12)). What are the prime factors of 55 + l*c/3?
53
Let w(x) = -x - 2*x + 34 - 12 + 7*x. List the prime factors of w(5).
2, 3, 7
Suppose u - 1455 = -4*a, -5*a + 4*u + 1611 = -192. List the prime factors of a.
3, 11
Let a be (-1 - 164) + 2 + -2. Let d = a - -91. List the prime factors of d*(4 + 0)/(-8).
37
Suppose 0 = 6*f - 2*f - 1952. Suppose -f = -5*s + 457. What are the prime factors of s?
3, 7
Suppose -98 = 3*t - 92. List the prime factors of 111 + ((-2)/(-2) - t).
2, 3, 19
Suppose 4*l + 151 - 427 = 0. Suppose -48 = -j + l. What are the prime factors of j?
3, 13
Suppose -5*s + f + 2743 = 0, -2*s = -12*f + 13*f - 1093. List the prime factors of s.
2, 137
Let w(g) = 8*g**3 - 6*g + 11. What are the prime factors of w(3)?
11, 19
Let w(c) = -c**2 - 5*c + 5. Let i be w(-4). Let m be 2/7 - ((-309)/(-7))/(-3). Let g = m + i. What are the prime factors of g?
2, 3
Let n(x) be the first derivative of 14*x**3/3 + x - 1. Suppose 2*m - g = -4*g - 4, m = 4*g + 9. What are the prime factors of n(m)?
3, 5
Let b = 688 + -260. What are the prime factors of b?
2, 107
Let i(h) = 7*h - 2. Let y be i(1). Suppose 4*b = -2*u - 50, 0 = 2*b + 2*b - y*u + 71. Let g = b + 19. What are the prime factors of g?
5
Let n = -15 + 8. Let u(k) = -k**2 - 12*k + 16. List the prime factors of u(n).
3, 17
Let o(w) = -118*w + 48. List the prime factors of o(-7).
2, 19, 23
Let w(d) = 2*d**2 + 34*d - 31. What are the prime factors of w(-29)?
5, 7, 19
Let s = -16 - -21. Suppose 2*w - 2*b = -w + 80, -s*w + b + 138 = 0. What are the prime factors of w?
2, 7
Let f = -4 + 7. Suppose 3*k = 2*o + f*o + 64, -k - 2*o + 25 = 0. List the prime factors of k.
23
Let r = -1908 + 3544. List the prime factors of r.
2, 409
Let k = -11 + 10. List the prime factors of (0 + k)*-2 + (105 - -3).
2, 5, 11
Let g be 2/(27/12 - 2). Suppose 3*s = 2*s - g. List the prime factors of (1 - -31)*(-4)/s.
2
Suppose 4*z = -2*t + 3*t - 40, 5*z + 5*t + 50 = 0. Let x be z/(-35)*7/1. Suppose -x*m + 0*m = -62. List the prime factors of m.
31
Let t = 826 - -940. List the prime factors of t.
2, 883
Let z be 3*(102/9 + -3). Suppose 6*v - v = z. Suppose 2*t - 28 - 38 = -4*b, -v*t - 22 = -b. What are the prime factors of b?
17
Suppose -2*j = -5*z - 11, -2*z - 16 = 5*j - 0*z. Let f = 7 + j. Suppose -3*i + h = -60, f*h = 2*i + 13 - 53. What are the prime factors of i?
2, 5
Suppose 36*h + 4530 = 39*h. What are the prime factors of h?
2, 5, 151
Let w(r) = -7*r - 1. Let n be w(3). Let